{"id":10,"date":"2023-03-06T11:30:38","date_gmt":"2023-03-06T11:30:38","guid":{"rendered":"http:\/\/hotelasvegas.net\/?page_id=10"},"modified":"2026-04-15T13:33:59","modified_gmt":"2026-04-15T13:33:59","slug":"contacto","status":"publish","type":"page","link":"https:\/\/hotelasvegas.net\/","title":{"rendered":"HOTEL LAS VEGAS"},"content":{"rendered":"\n<p><em>\u00abLas Vegas<\/em>&nbsp;**&nbsp;<em>es un hotel de tradici\u00f3n familiar con m\u00e1s de cincuenta a\u00f1os de <\/em><em>historia y de&nbsp;experiencia.&nbsp;A lo largo de este tiempo, hemos centrado nuestro <\/em><em>esfuerzo en la mejora continua&nbsp;&nbsp;y en ofrecer siempre a nuestros clientes lo mejor <\/em><em>de nosotros, cuidando tanto a los reci\u00e9n&nbsp;&nbsp;llegados como a los que llevan toda la vida <\/em><em>aloj\u00e1ndose en casa.&nbsp;Para ello, hemos ido&nbsp;&nbsp;ampliando nuestras instalaciones y hemos <\/em><em>hecho varias reformas en nuestras habitaciones y&nbsp;&nbsp;salones<\/em><em>\u00ab.<\/em><\/p>\n\n\n\n<div class=\"is-layout-flex wp-block-buttons\">\n<div class=\"wp-block-button\"><a class=\"wp-block-button__link wp-element-button\" href=\"https:\/\/direct-book.com\/properties\/hotellasvegasburgos\" target=\"_blank\" rel=\"noreferrer noopener\">reserva directamente con nosotros<\/a><\/div>\n<\/div>\n\n\n\n<blockquote class=\"wp-block-quote\">\n<p><\/p>\n<\/blockquote>\n\n\n\n<div class=\"is-layout-constrained wp-block-group\"><div class=\"wp-block-group__inner-container\">\n<figure class=\"is-layout-flex wp-block-gallery-2 wp-block-gallery has-nested-images columns-default is-cropped\">\n<figure class=\"wp-block-image size-large\"><img decoding=\"async\" loading=\"lazy\" width=\"1024\" height=\"576\" src=\"http:\/\/hotelasvegas.net\/wp-content\/uploads\/2023\/03\/1600698829619-1-1024x576.jpg\" alt=\"\" class=\"wp-image-47\" srcset=\"https:\/\/hotelasvegas.net\/wp-content\/uploads\/2023\/03\/1600698829619-1-1024x576.jpg 1024w, https:\/\/hotelasvegas.net\/wp-content\/uploads\/2023\/03\/1600698829619-1-300x169.jpg 300w, https:\/\/hotelasvegas.net\/wp-content\/uploads\/2023\/03\/1600698829619-1-768x432.jpg 768w, https:\/\/hotelasvegas.net\/wp-content\/uploads\/2023\/03\/1600698829619-1-1536x864.jpg 1536w, https:\/\/hotelasvegas.net\/wp-content\/uploads\/2023\/03\/1600698829619-1-2048x1152.jpg 2048w, https:\/\/hotelasvegas.net\/wp-content\/uploads\/2023\/03\/1600698829619-1-359x202.jpg 359w\" sizes=\"(max-width: 1024px) 100vw, 1024px\" \/><\/figure>\n\n\n\n<figure class=\"wp-block-image size-large\"><img decoding=\"async\" loading=\"lazy\" width=\"1024\" height=\"576\" src=\"http:\/\/hotelasvegas.net\/wp-content\/uploads\/2023\/03\/1600698829623-1-1024x576.jpg\" alt=\"\" class=\"wp-image-46\" srcset=\"https:\/\/hotelasvegas.net\/wp-content\/uploads\/2023\/03\/1600698829623-1-1024x576.jpg 1024w, https:\/\/hotelasvegas.net\/wp-content\/uploads\/2023\/03\/1600698829623-1-300x169.jpg 300w, https:\/\/hotelasvegas.net\/wp-content\/uploads\/2023\/03\/1600698829623-1-768x432.jpg 768w, https:\/\/hotelasvegas.net\/wp-content\/uploads\/2023\/03\/1600698829623-1-1536x864.jpg 1536w, https:\/\/hotelasvegas.net\/wp-content\/uploads\/2023\/03\/1600698829623-1-2048x1152.jpg 2048w, https:\/\/hotelasvegas.net\/wp-content\/uploads\/2023\/03\/1600698829623-1-359x202.jpg 359w\" sizes=\"(max-width: 1024px) 100vw, 1024px\" \/><\/figure>\n\n\n\n<figure class=\"wp-block-image size-large\"><img decoding=\"async\" loading=\"lazy\" width=\"1024\" height=\"576\" src=\"http:\/\/hotelasvegas.net\/wp-content\/uploads\/2023\/03\/1600699122609-1024x576.jpg\" alt=\"\" class=\"wp-image-48\" srcset=\"https:\/\/hotelasvegas.net\/wp-content\/uploads\/2023\/03\/1600699122609-1024x576.jpg 1024w, https:\/\/hotelasvegas.net\/wp-content\/uploads\/2023\/03\/1600699122609-300x169.jpg 300w, https:\/\/hotelasvegas.net\/wp-content\/uploads\/2023\/03\/1600699122609-768x432.jpg 768w, https:\/\/hotelasvegas.net\/wp-content\/uploads\/2023\/03\/1600699122609-1536x864.jpg 1536w, https:\/\/hotelasvegas.net\/wp-content\/uploads\/2023\/03\/1600699122609-2048x1152.jpg 2048w, https:\/\/hotelasvegas.net\/wp-content\/uploads\/2023\/03\/1600699122609-359x202.jpg 359w\" sizes=\"(max-width: 1024px) 100vw, 1024px\" \/><\/figure>\n\n\n\n<figure class=\"wp-block-image size-large\"><img decoding=\"async\" loading=\"lazy\" width=\"1024\" height=\"655\" src=\"http:\/\/hotelasvegas.net\/wp-content\/uploads\/2023\/03\/1600729320512-1024x655.jpg\" alt=\"\" class=\"wp-image-45\" srcset=\"https:\/\/hotelasvegas.net\/wp-content\/uploads\/2023\/03\/1600729320512-1024x655.jpg 1024w, https:\/\/hotelasvegas.net\/wp-content\/uploads\/2023\/03\/1600729320512-300x192.jpg 300w, https:\/\/hotelasvegas.net\/wp-content\/uploads\/2023\/03\/1600729320512-768x492.jpg 768w, https:\/\/hotelasvegas.net\/wp-content\/uploads\/2023\/03\/1600729320512-359x230.jpg 359w, https:\/\/hotelasvegas.net\/wp-content\/uploads\/2023\/03\/1600729320512.jpg 1467w\" sizes=\"(max-width: 1024px) 100vw, 1024px\" \/><\/figure>\n<\/figure>\n<\/div><\/div>\n\n\n\n<hr class=\"wp-block-separator has-alpha-channel-opacity\"\/>\n\n\n\n<h2>HABITACIONES<\/h2>\n\n\n\n<p>HABITACI\u00d3N MATRIMONIAL<\/p>\n\n\n\n<figure class=\"is-layout-flex wp-block-gallery-5 wp-block-gallery has-nested-images columns-default is-cropped\">\n<figure class=\"wp-block-image size-large\"><img decoding=\"async\" loading=\"lazy\" width=\"1024\" height=\"423\" data-id=\"83\"  src=\"http:\/\/hotelasvegas.net\/wp-content\/uploads\/2023\/03\/1600703228018-1024x423.jpg\" alt=\"\" class=\"wp-image-83\" srcset=\"https:\/\/hotelasvegas.net\/wp-content\/uploads\/2023\/03\/1600703228018-1024x423.jpg 1024w, https:\/\/hotelasvegas.net\/wp-content\/uploads\/2023\/03\/1600703228018-300x124.jpg 300w, https:\/\/hotelasvegas.net\/wp-content\/uploads\/2023\/03\/1600703228018-768x317.jpg 768w, https:\/\/hotelasvegas.net\/wp-content\/uploads\/2023\/03\/1600703228018-1536x635.jpg 1536w, https:\/\/hotelasvegas.net\/wp-content\/uploads\/2023\/03\/1600703228018-2048x846.jpg 2048w, https:\/\/hotelasvegas.net\/wp-content\/uploads\/2023\/03\/1600703228018-2000x826.jpg 2000w\" sizes=\"(max-width: 1024px) 100vw, 1024px\" \/><\/figure>\n\n\n\n<figure class=\"wp-block-image size-large\"><img decoding=\"async\" loading=\"lazy\" width=\"1024\" height=\"576\" data-id=\"49\"  src=\"http:\/\/hotelasvegas.net\/wp-content\/uploads\/2023\/03\/1600715419598-1024x576.jpg\" alt=\"\" class=\"wp-image-49\" srcset=\"https:\/\/hotelasvegas.net\/wp-content\/uploads\/2023\/03\/1600715419598-1024x576.jpg 1024w, https:\/\/hotelasvegas.net\/wp-content\/uploads\/2023\/03\/1600715419598-300x169.jpg 300w, https:\/\/hotelasvegas.net\/wp-content\/uploads\/2023\/03\/1600715419598-768x432.jpg 768w, https:\/\/hotelasvegas.net\/wp-content\/uploads\/2023\/03\/1600715419598-1536x864.jpg 1536w, https:\/\/hotelasvegas.net\/wp-content\/uploads\/2023\/03\/1600715419598-2048x1152.jpg 2048w, https:\/\/hotelasvegas.net\/wp-content\/uploads\/2023\/03\/1600715419598-359x202.jpg 359w\" sizes=\"(max-width: 1024px) 100vw, 1024px\" \/><\/figure>\n<\/figure>\n\n\n\n<hr class=\"wp-block-separator has-alpha-channel-opacity\"\/>\n\n\n\n<p>HABITACIONES INDIVIDUALES, DOBLES<\/p>\n\n\n\n<figure class=\"is-layout-flex wp-block-gallery-7 wp-block-gallery has-nested-images columns-default is-cropped\">\n<figure class=\"wp-block-image size-large\"><img decoding=\"async\" loading=\"lazy\" width=\"1024\" height=\"486\" data-id=\"84\"  src=\"http:\/\/hotelasvegas.net\/wp-content\/uploads\/2023\/03\/1600699100816-1-1024x486.jpg\" alt=\"\" class=\"wp-image-84\" srcset=\"https:\/\/hotelasvegas.net\/wp-content\/uploads\/2023\/03\/1600699100816-1-1024x486.jpg 1024w, https:\/\/hotelasvegas.net\/wp-content\/uploads\/2023\/03\/1600699100816-1-300x142.jpg 300w, https:\/\/hotelasvegas.net\/wp-content\/uploads\/2023\/03\/1600699100816-1-768x365.jpg 768w, https:\/\/hotelasvegas.net\/wp-content\/uploads\/2023\/03\/1600699100816-1-1536x729.jpg 1536w, https:\/\/hotelasvegas.net\/wp-content\/uploads\/2023\/03\/1600699100816-1-2048x972.jpg 2048w, https:\/\/hotelasvegas.net\/wp-content\/uploads\/2023\/03\/1600699100816-1-2000x949.jpg 2000w\" sizes=\"(max-width: 1024px) 100vw, 1024px\" \/><figcaption class=\"wp-element-caption\">INDIVIDUAL<\/figcaption><\/figure>\n\n\n\n<figure class=\"wp-block-image size-large\"><img decoding=\"async\" loading=\"lazy\" width=\"1024\" height=\"576\" data-id=\"85\"  src=\"http:\/\/hotelasvegas.net\/wp-content\/uploads\/2023\/03\/1600698858468-1024x576.jpg\" alt=\"\" class=\"wp-image-85\" srcset=\"https:\/\/hotelasvegas.net\/wp-content\/uploads\/2023\/03\/1600698858468-1024x576.jpg 1024w, https:\/\/hotelasvegas.net\/wp-content\/uploads\/2023\/03\/1600698858468-300x169.jpg 300w, https:\/\/hotelasvegas.net\/wp-content\/uploads\/2023\/03\/1600698858468-768x432.jpg 768w, https:\/\/hotelasvegas.net\/wp-content\/uploads\/2023\/03\/1600698858468-1536x864.jpg 1536w, https:\/\/hotelasvegas.net\/wp-content\/uploads\/2023\/03\/1600698858468-2048x1152.jpg 2048w, https:\/\/hotelasvegas.net\/wp-content\/uploads\/2023\/03\/1600698858468-2000x1125.jpg 2000w\" sizes=\"(max-width: 1024px) 100vw, 1024px\" \/><figcaption class=\"wp-element-caption\">DOBLE<\/figcaption><\/figure>\n<\/figure>\n\n\n\n<hr class=\"wp-block-separator has-alpha-channel-opacity\"\/>\n\n\n\n<p>HABITACIONES TRIPLES, CUADRUPLE<\/p>\n\n\n\n<figure class=\"is-layout-flex wp-block-gallery-9 wp-block-gallery has-nested-images columns-default is-cropped\">\n<figure class=\"wp-block-image size-large\"><img decoding=\"async\" loading=\"lazy\" width=\"1024\" height=\"576\" data-id=\"86\"  src=\"http:\/\/hotelasvegas.net\/wp-content\/uploads\/2023\/03\/1600699140999-1024x576.jpg\" alt=\"\" class=\"wp-image-86\" srcset=\"https:\/\/hotelasvegas.net\/wp-content\/uploads\/2023\/03\/1600699140999-1024x576.jpg 1024w, https:\/\/hotelasvegas.net\/wp-content\/uploads\/2023\/03\/1600699140999-300x169.jpg 300w, https:\/\/hotelasvegas.net\/wp-content\/uploads\/2023\/03\/1600699140999-768x432.jpg 768w, https:\/\/hotelasvegas.net\/wp-content\/uploads\/2023\/03\/1600699140999-1536x864.jpg 1536w, https:\/\/hotelasvegas.net\/wp-content\/uploads\/2023\/03\/1600699140999-2048x1152.jpg 2048w, https:\/\/hotelasvegas.net\/wp-content\/uploads\/2023\/03\/1600699140999-2000x1125.jpg 2000w\" sizes=\"(max-width: 1024px) 100vw, 1024px\" \/><figcaption class=\"wp-element-caption\">TRIPLE<\/figcaption><\/figure>\n\n\n\n<figure class=\"wp-block-image size-large\"><img decoding=\"async\" loading=\"lazy\" width=\"1024\" height=\"576\" data-id=\"87\"  src=\"http:\/\/hotelasvegas.net\/wp-content\/uploads\/2023\/03\/1600717496017-1024x576.jpg\" alt=\"\" class=\"wp-image-87\" srcset=\"https:\/\/hotelasvegas.net\/wp-content\/uploads\/2023\/03\/1600717496017-1024x576.jpg 1024w, https:\/\/hotelasvegas.net\/wp-content\/uploads\/2023\/03\/1600717496017-300x169.jpg 300w, https:\/\/hotelasvegas.net\/wp-content\/uploads\/2023\/03\/1600717496017-768x432.jpg 768w, https:\/\/hotelasvegas.net\/wp-content\/uploads\/2023\/03\/1600717496017-1536x864.jpg 1536w, https:\/\/hotelasvegas.net\/wp-content\/uploads\/2023\/03\/1600717496017-2048x1152.jpg 2048w, https:\/\/hotelasvegas.net\/wp-content\/uploads\/2023\/03\/1600717496017-2000x1125.jpg 2000w\" sizes=\"(max-width: 1024px) 100vw, 1024px\" \/><figcaption class=\"wp-element-caption\">CUADRUPLE<\/figcaption><\/figure>\n<\/figure>\n\n\n\n<hr class=\"wp-block-separator has-alpha-channel-opacity\"\/>\n\n\n\n<p>FAMILIAR ADAPTADA A MOVILIDAD&nbsp;REDUCIDA<\/p>\n\n\n\n<figure class=\"is-layout-flex wp-block-gallery-11 wp-block-gallery has-nested-images columns-default is-cropped\">\n<figure class=\"wp-block-image size-large\"><img decoding=\"async\" loading=\"lazy\" width=\"1024\" height=\"744\" data-id=\"89\"  src=\"http:\/\/hotelasvegas.net\/wp-content\/uploads\/2023\/03\/1600705247372-1024x744.jpg\" alt=\"\" class=\"wp-image-89\" srcset=\"https:\/\/hotelasvegas.net\/wp-content\/uploads\/2023\/03\/1600705247372-1024x744.jpg 1024w, https:\/\/hotelasvegas.net\/wp-content\/uploads\/2023\/03\/1600705247372-300x218.jpg 300w, https:\/\/hotelasvegas.net\/wp-content\/uploads\/2023\/03\/1600705247372-768x558.jpg 768w, https:\/\/hotelasvegas.net\/wp-content\/uploads\/2023\/03\/1600705247372-1536x1116.jpg 1536w, https:\/\/hotelasvegas.net\/wp-content\/uploads\/2023\/03\/1600705247372-2048x1488.jpg 2048w, https:\/\/hotelasvegas.net\/wp-content\/uploads\/2023\/03\/1600705247372-2000x1454.jpg 2000w\" sizes=\"(max-width: 1024px) 100vw, 1024px\" \/><\/figure>\n\n\n\n<figure class=\"wp-block-image size-large\"><img decoding=\"async\" loading=\"lazy\" width=\"1024\" height=\"576\" data-id=\"88\"  src=\"http:\/\/hotelasvegas.net\/wp-content\/uploads\/2023\/03\/1600718299925-1024x576.jpg\" alt=\"\" class=\"wp-image-88\" srcset=\"https:\/\/hotelasvegas.net\/wp-content\/uploads\/2023\/03\/1600718299925-1024x576.jpg 1024w, https:\/\/hotelasvegas.net\/wp-content\/uploads\/2023\/03\/1600718299925-300x169.jpg 300w, https:\/\/hotelasvegas.net\/wp-content\/uploads\/2023\/03\/1600718299925-768x432.jpg 768w, https:\/\/hotelasvegas.net\/wp-content\/uploads\/2023\/03\/1600718299925-1536x864.jpg 1536w, https:\/\/hotelasvegas.net\/wp-content\/uploads\/2023\/03\/1600718299925-2048x1152.jpg 2048w, https:\/\/hotelasvegas.net\/wp-content\/uploads\/2023\/03\/1600718299925-2000x1125.jpg 2000w\" sizes=\"(max-width: 1024px) 100vw, 1024px\" \/><\/figure>\n<\/figure>\n\n\n\n<hr class=\"wp-block-separator has-alpha-channel-opacity\"\/>\n\n\n\n<p>BA\u00d1OS<\/p>\n\n\n\n<figure class=\"is-layout-flex wp-block-gallery-13 wp-block-gallery has-nested-images columns-default is-cropped\">\n<figure class=\"wp-block-image size-large\"><img decoding=\"async\" loading=\"lazy\" width=\"587\" height=\"1024\" data-id=\"91\"  src=\"http:\/\/hotelasvegas.net\/wp-content\/uploads\/2023\/03\/1600699029231-587x1024.jpg\" alt=\"\" class=\"wp-image-91\" srcset=\"https:\/\/hotelasvegas.net\/wp-content\/uploads\/2023\/03\/1600699029231-587x1024.jpg 587w, https:\/\/hotelasvegas.net\/wp-content\/uploads\/2023\/03\/1600699029231-172x300.jpg 172w, https:\/\/hotelasvegas.net\/wp-content\/uploads\/2023\/03\/1600699029231-768x1340.jpg 768w, https:\/\/hotelasvegas.net\/wp-content\/uploads\/2023\/03\/1600699029231-880x1536.jpg 880w, https:\/\/hotelasvegas.net\/wp-content\/uploads\/2023\/03\/1600699029231-1173x2048.jpg 1173w, https:\/\/hotelasvegas.net\/wp-content\/uploads\/2023\/03\/1600699029231-2000x3490.jpg 2000w, https:\/\/hotelasvegas.net\/wp-content\/uploads\/2023\/03\/1600699029231-scaled.jpg 1467w\" sizes=\"(max-width: 587px) 100vw, 587px\" \/><\/figure>\n\n\n\n<figure class=\"wp-block-image size-large\"><img decoding=\"async\" loading=\"lazy\" width=\"576\" height=\"1024\" data-id=\"90\"  src=\"http:\/\/hotelasvegas.net\/wp-content\/uploads\/2023\/03\/1600705601795-576x1024.jpg\" alt=\"\" class=\"wp-image-90\" srcset=\"https:\/\/hotelasvegas.net\/wp-content\/uploads\/2023\/03\/1600705601795-576x1024.jpg 576w, https:\/\/hotelasvegas.net\/wp-content\/uploads\/2023\/03\/1600705601795-169x300.jpg 169w, https:\/\/hotelasvegas.net\/wp-content\/uploads\/2023\/03\/1600705601795-768x1366.jpg 768w, https:\/\/hotelasvegas.net\/wp-content\/uploads\/2023\/03\/1600705601795-864x1536.jpg 864w, https:\/\/hotelasvegas.net\/wp-content\/uploads\/2023\/03\/1600705601795-1152x2048.jpg 1152w, https:\/\/hotelasvegas.net\/wp-content\/uploads\/2023\/03\/1600705601795-2000x3557.jpg 2000w, https:\/\/hotelasvegas.net\/wp-content\/uploads\/2023\/03\/1600705601795-scaled.jpg 1439w\" sizes=\"(max-width: 576px) 100vw, 576px\" \/><\/figure>\n<\/figure>\n\n\n\n<hr class=\"wp-block-separator has-alpha-channel-opacity\"\/>\n\n\n\n<h2>SERVICIOS E INSTALACIONES<\/h2>\n\n\n\n<div class=\"wp-block-media-text alignwide is-stacked-on-mobile\"><figure class=\"wp-block-media-text__media\"><a href=\"https:\/\/direct-book.com\/properties\/hotellasvegasburgos\" target=\"_blank\" rel=\"noreferrer noopener\"><img decoding=\"async\" loading=\"lazy\" width=\"306\" height=\"346\" src=\"http:\/\/hotelasvegas.net\/wp-content\/uploads\/2023\/03\/gij-booking.gif\" alt=\"\" class=\"wp-image-92 size-full\"\/><\/a><\/figure><div class=\"wp-block-media-text__content\">\n<p>Acceso para personas con movilidad reducida<\/p>\n\n\n\n<p>Recepci\u00f3n 24h<\/p>\n\n\n\n<p>Wifi gratis<\/p>\n\n\n\n<p>Parking cerrado de autobuses y camiones gratuito<\/p>\n\n\n\n<p>Parking cerrado gratuito<\/p>\n\n\n\n<p>Cafeter\u00eda<\/p>\n\n\n\n<p>Climatizaci\u00f3n en las zonas comunes<\/p>\n\n\n\n<p>Consigna y caja fuerte<\/p>\n\n\n\n<p>Restaurantes<\/p>\n\n\n\n<p>Banquetes y celebraciones.<\/p>\n\n\n\n<p>Zona infantil<\/p>\n\n\n\n<p>Prensa diaria<\/p>\n\n\n\n<p>Sal\u00f3n de estar<\/p>\n\n\n\n<p>Salones de reuniones<\/p>\n\n\n\n<p>Terraza<\/p>\n\n\n\n<p>Ba\u00f1os adaptados<\/p>\n\n\n\n<p><\/p>\n\n\n\n<hr class=\"wp-block-separator has-alpha-channel-opacity\"\/>\n<\/div><\/div>\n\n\n\n<div class=\"wp-block-media-text alignwide has-media-on-the-right is-stacked-on-mobile\"><div class=\"wp-block-media-text__content\">\n<blockquote class=\"wp-block-quote\">\n<ul>\n<li><strong>Reserva directamente con nosotros&#8230; y disfrutar\u00e1s de:<\/strong><\/li>\n\n\n\n<li><strong>&#8211; DESAYUNO INCLUIDO<\/strong><\/li>\n\n\n\n<li><strong>&#8211; CANCELACI\u00d3N SIN&nbsp;GASTOS<\/strong><\/li>\n<\/ul>\n<\/blockquote>\n<\/div><figure class=\"wp-block-media-text__media\"><img decoding=\"async\" loading=\"lazy\" width=\"1024\" height=\"576\" src=\"http:\/\/hotelasvegas.net\/wp-content\/uploads\/2023\/03\/1600698971930-1024x576.jpg\" alt=\"\" class=\"wp-image-93 size-full\" srcset=\"https:\/\/hotelasvegas.net\/wp-content\/uploads\/2023\/03\/1600698971930-1024x576.jpg 1024w, https:\/\/hotelasvegas.net\/wp-content\/uploads\/2023\/03\/1600698971930-300x169.jpg 300w, https:\/\/hotelasvegas.net\/wp-content\/uploads\/2023\/03\/1600698971930-768x432.jpg 768w, https:\/\/hotelasvegas.net\/wp-content\/uploads\/2023\/03\/1600698971930-1536x864.jpg 1536w, https:\/\/hotelasvegas.net\/wp-content\/uploads\/2023\/03\/1600698971930-2048x1152.jpg 2048w, https:\/\/hotelasvegas.net\/wp-content\/uploads\/2023\/03\/1600698971930-2000x1125.jpg 2000w\" sizes=\"(max-width: 1024px) 100vw, 1024px\" \/><\/figure><\/div>\n\n\n\n<hr class=\"wp-block-separator has-alpha-channel-opacity\"\/>\n\n\n\n<div class=\"wp-block-media-text alignwide is-stacked-on-mobile\"><figure class=\"wp-block-media-text__media\"><img decoding=\"async\" loading=\"lazy\" width=\"1024\" height=\"576\" src=\"http:\/\/hotelasvegas.net\/wp-content\/uploads\/2023\/03\/1600699122617-1-1024x576.jpg\" alt=\"\" class=\"wp-image-96 size-full\" srcset=\"https:\/\/hotelasvegas.net\/wp-content\/uploads\/2023\/03\/1600699122617-1-1024x576.jpg 1024w, https:\/\/hotelasvegas.net\/wp-content\/uploads\/2023\/03\/1600699122617-1-300x169.jpg 300w, https:\/\/hotelasvegas.net\/wp-content\/uploads\/2023\/03\/1600699122617-1-768x432.jpg 768w, https:\/\/hotelasvegas.net\/wp-content\/uploads\/2023\/03\/1600699122617-1-1536x864.jpg 1536w, https:\/\/hotelasvegas.net\/wp-content\/uploads\/2023\/03\/1600699122617-1-2048x1152.jpg 2048w, https:\/\/hotelasvegas.net\/wp-content\/uploads\/2023\/03\/1600699122617-1-2000x1125.jpg 2000w\" sizes=\"(max-width: 1024px) 100vw, 1024px\" \/><\/figure><div class=\"wp-block-media-text__content\">\n<p>Calle Vitoria 319<\/p>\n\n\n\n<p>09007 Burgos<\/p>\n\n\n\n<p>+34&nbsp; 947 48 44 53<\/p>\n\n\n\n<p><a href=\"mailto:reservas@hotelasvegas.es\">reservas@hotelasvegas.es<\/a><\/p>\n<\/div><\/div>\n\n\n\n<hr class=\"wp-block-separator has-alpha-channel-opacity\"\/>\n","protected":false},"excerpt":{"rendered":"<p>\u00abLas Vegas&nbsp;**&nbsp;es un hotel de tradici\u00f3n familiar con m\u00e1s de cincuenta a\u00f1os de historia y de&nbsp;experiencia.&nbsp;A lo largo de este tiempo, hemos centrado nuestro esfuerzo en la mejora continua&nbsp;&nbsp;y en ofrecer siempre a nuestros clientes lo mejor de nosotros, cuidando tanto a los reci\u00e9n&nbsp;&nbsp;llegados como a los que llevan toda la vida aloj\u00e1ndose en casa.&nbsp;Para &hellip; <\/p>\n<p class=\"link-more\"><a href=\"https:\/\/hotelasvegas.net\/\" class=\"more-link\">Read more<span class=\"screen-reader-text\"> \u00abHOTEL LAS VEGAS\u00bb<\/span><\/a><\/p>\n","protected":false},"author":1,"featured_media":185,"parent":0,"menu_order":0,"comment_status":"closed","ping_status":"closed","template":"","meta":[],"_links":{"self":[{"href":"https:\/\/hotelasvegas.net\/index.php\/wp-json\/wp\/v2\/pages\/10"}],"collection":[{"href":"https:\/\/hotelasvegas.net\/index.php\/wp-json\/wp\/v2\/pages"}],"about":[{"href":"https:\/\/hotelasvegas.net\/index.php\/wp-json\/wp\/v2\/types\/page"}],"author":[{"embeddable":true,"href":"https:\/\/hotelasvegas.net\/index.php\/wp-json\/wp\/v2\/users\/1"}],"replies":[{"embeddable":true,"href":"https:\/\/hotelasvegas.net\/index.php\/wp-json\/wp\/v2\/comments?post=10"}],"version-history":[{"count":15,"href":"https:\/\/hotelasvegas.net\/index.php\/wp-json\/wp\/v2\/pages\/10\/revisions"}],"predecessor-version":[{"id":224,"href":"https:\/\/hotelasvegas.net\/index.php\/wp-json\/wp\/v2\/pages\/10\/revisions\/224"}],"wp:featuredmedia":[{"embeddable":true,"href":"https:\/\/hotelasvegas.net\/index.php\/wp-json\/wp\/v2\/media\/185"}],"wp:attachment":[{"href":"https:\/\/hotelasvegas.net\/index.php\/wp-json\/wp\/v2\/media?parent=10"}],"curies":[{"name":"wp","href":"https:\/\/api.w.org\/{rel}","templated":true}]}}